 0 + 6 + -5).
-4
What is 2 + -3 + (-5 - -7) + -5 + 19?
15
Evaluate -1 + -14 - (22 + -10 + 3).
-30
What is 7 - (0 - (2 + (0 - -3)))?
12
Calculate -1 + 0 - (190 + -183) - (-4 - 1).
-3
What is -2 + (-11 - (-10 + -15)) + 0?
12
Calculate 23 + 0 - (5 + (18 - 5) - 11).
16
What is the value of 38 - 32 - -30 - 49?
-13
Calculate 2 + 5 + 0 - (5 + -11 + -1).
14
What is 5 - -12 - (38 - 13)?
-8
Evaluate (3 - -4) + -15 - (-2 + 1).
-7
What is the value of 5 + 3 + 2 + (33 - 38)?
5
What is 1 - 4 - (-5 + 3 + 5 + -6)?
0
13 + (12 - (-10 - (-21 + 8)))
22
-13 - (-25 + (-22 - -20))
14
-22 + 16 + -5 + -23
-34
-17 + (-16 - (-17 - 26))
10
What is the value of 13 - 1 - (2699 - 2684)?
-3
Evaluate -34 - -29 - (2 + 9) - -2 - -2.
-12
Calculate -7 + (12 - -18) - 21.
2
Calculate 39 + -20 + 12 + -17.
14
Calculate 1 + 0 + 3 + 5 + (176 - 193).
-8
What is (4 - -7) + (3 - 17)?
-3
-3 - (3 + (-14 - -7) - (-29 - -13))
-15
Calculate (5 - -5) + 18 + -25 + -2 + -24.
-23
-17 - 0 - (-662 - -625)
20
What is the value of -10 + 29 + 6 + -25 + 9?
9
Evaluate (-7 - (-9 - 2)) + -14.
-10
What is 23 + (35 - 34) + 1?
25
What is (-6 - -14) + 2 + 3 + -12 + 7?
8
Calculate (2 + 0 - (-1 + 2)) + 245 + -279.
-33
What is 11 + -27 + -1 - (9 - 58)?
32
What is 13 + 0 + -1 - (194 - 194) - 6?
6
Evaluate 9 - (-12 + 11 + -6 + 9 + -7).
14
Evaluate (-9 + 0 - (5 + -13)) + 16.
15
-2 - 14 - (-18 + -8 - -24)
-14
Calculate -24 + (-1 - -10 - 0).
-15
Evaluate -7 + (-13 - -31 - 5).
6
Calculate (8 - -6) + -1 + 47 + -39.
21
Evaluate -6 + (-12 - -38 - (-3 + -5)).
28
Calculate 0 + (0 - 1) + -5 - (9 + -3).
-12
What is 7 - ((-1 - 0) + -24 + 73 + -30)?
-11
What is 5 + (-4 - (-6 + 3) - 0) - 6?
-2
Evaluate 2 - 22 - (-84 + 77).
-13
5 - (24 - 0) - 7
-26
Calculate 0 + -35 + 7 + (14 - 2) + -15.
-31
Calculate 338 + -355 - (1 + (0 - 1) - 1).
-16
What is 10 + -6 + 11 + -7 + 18 + -4?
22
Calculate 2 - (5 + 12 - 12).
-3
What is the value of 32 + 1 + -771 + 742?
4
What is -2 - (-2 + 3) - (244 + -221)?
-26
Calculate -1 + -9 - (-7 - (5 - 14)).
-12
Evaluate 23 + (5 - 25) + 10 + -11.
2
3 + (-8 - -1) - (13 - 17)
0
(25 - (-19 + 17)) + -51
-24
Evaluate (-16 - (-7 - -3 - 2) - -5) + 8.
3
1 + (-24 - (0 + -2)) + 7 + -5
-19
Evaluate (-3 - -3) + 1 - (-1 - -5 - 8).
5
What is -2 - -34 - 70 - -17?
-21
Calculate 129 + -125 + -2 + 6 + -1.
7
What is the value of -4 + 1 - (-4 + 19 + -7)?
-11
Calculate -24 - (4 - -22 - 54).
4
16 - -1 - (-27 - 2 - (-122 - -98))
22
Evaluate -20 + -6 - -22 - (-15 - 0).
11
(-17 - 1) + 3 + -6 + 12
-9
What is (-131 - -150) + 1 + 0?
20
What is the value of 4 + (-3 - 5 - -5 - -1)?
2
What is the value of -5 + -2 + 4 + (-5 - -22) + -7?
7
Calculate (-4 + 3 - -19) + -27 + 17.
8
What is the value of 5 - (5 + -3) - (23 - 4 - 3)?
-13
What is (-18 - -3) + 26 - (-1 - -9)?
3
Evaluate -4 + 5 + -4 - (-25 - -4 - -46).
-28
Evaluate 0 - ((3 - 3) + -9 + 3).
6
What is (-7 - 11) + 6 + 9 + (-6 - -4)?
-5
What is 3 + 1 + (-6 - -4 - (-4 + 4))?
2
Evaluate 2 - -9 - (-68 + 54).
25
What is 20 + (-6 - (-5 + 5 + -2 - 5))?
21
What is (-19 - -5) + -6 + (11 - 7 - -3)?
-13
What is (-55 - -67) + -6 + -1?
5
What is 1 + -37 + 128 + -132?
-40
Calculate -3 + (-12 - 1) + 13.
-3
Evaluate 0 + -4 + 1 - 4 - (35 + -39).
-3
Calculate 8 - ((4 - -6) + -2 - 9).
9
Evaluate 9 + (7 - 29) + 41.
28
Evaluate (0 - -11) + (-1 + -2 - -11) + -1.
18
What is 0 + -1 - ((-291 - -276) + (-3 - -31))?
-14
Evaluate 26 + 19 + 1 + -53.
-7
What is -55 - -48 - (-2 + 3 + 3 + 3)?
-14
What is 28 - ((-9 - -19) + 1)?
17
139 - 133 - (2 + -5)
9
Calculate 75 - 49 - (-3 + 27) - (11 - 1).
-8
Evaluate -47 + (14 - 45) + 59.
-19
What is the value of 4 - ((3 - 0) + (-12 - -7)) - 0?
6
What is -4 - (-9 + -2 + -13 + 20)?
0
Calculate -7 - ((11 - 3) + -3 - (0 - -21)).
9
What is 32 - (62 + -10 - 26)?
6
Calculate -7 + 6 + (-10 - (-11 - 0)).
0
Calculate (10 - 1) + -1 - (5 + 2) - -3.
4
Evaluate -4 + 4 + 0 - 4 - (-8 + 6).
-2
Evaluate -2 - (14 - 19 - -6 - (-5 - -1)).
-7
-2 - ((190 - 191) + (-2 - 0))
1
What is -19 - -10 - (10 - 39 - -8)?
12
What is -81 - -122 - (-13 + 18)?
36
Calculate -7 + (-7 - ((5 - 4) + -4)).
-11
What is the value of -16 + 0 + 4 + -2 - (-280 - -276)?
-10
What is 24 + -19 + 13 + 9 + -1 + -6?
20
Evaluate 19 - 15 - (-10 - -2).
12
Evaluate (-11 - -5) + (-1 - -4 - (-1 - 0)).
-2
Calculate (14 - 12) + (17 - 8).
11
Evaluate (3 - (-4 + 0)) + (-1 - 15).
-9
What is the value of 11 - ((-23 - -45) + -2 + -9)?
0
Evaluate -10 + 0 - ((-32 + 9 - -10) + 25).
-22
Calculate 12 + -5 + 0 + 15 + -21 + 6.
7
Calculate (0 - (16 + -2)) + 19 - 4.
1
What is the value of 8 + (5 - (-4 - (-11 + -4)))?
2
Calculate 158 + -152 - (0 + -4).
10
What is 12 + -10 + 27 + -29 + -5 + 1?
-4
What is the value of (-17 - (-42 - -29)) + 13?
9
(5 - 9) + -19 + 26 + -14
-11
What is -5 + -1 + (19 - (-21 + 45))?
-11
What is 22 + (-4 - 2) - (5 - (6 - 3))?
14
What is the value of 17 + -13 + -18 + 3?
-11
What is the value of -9 + -7 + 3 + (23 - 31)?
-21
Calculate -10 - (1 - (3 + -4 - (1 + 2))).
-15
What is the value of (3 - (-8 + 1)) + -8 + -1?
1
(61 - 50) + (3 - 4) - (41 + 1)
-32
(-13 - -2 - -2 - 2) + 9
-2
Calculate (-27 + 14 - (-3 + 1 - 5)) + 8.
2
What is the value of (0 - 1) + 0 - (13 + -14 - 13)?
13
Calculate -1 + 0 - (0 - 1) - (276 - 270).
-6
Evaluate -19 + 8 + 0 + 1 + 3.
-7
Evaluate -6 + -2 + 9 + -18 + 7.
-10
Evaluate (-3 - 8) + 11 + (-7 - 7).
-14
Calculate (8 - 6) + -4 + (8 - 8).
-2
Evaluate -34 - (-3 - (-1 + -11) - 16).
-27
Evaluate -231 + 264 + -16 + -1 - (7 - 0).
9
(-4 - 22) + (16 - 18)
-28
What is -40 - (21 - 25) - -45?
9
Evaluate (58 - 20) + -17 + -27.
-6
What is -100 - -71 - (4 + -3 - 11)?
-19
Evaluate -4 + 18 + (35 - 80).
-31
-2 + -18 - (4 - 29 - -19)
-14
(13 - (-7 + -8 + 5) - -6) + 7
36
Calculate -14 + (8 - (0 - (-8 - -6))).
-8
What is -13 + 7 + 9 + (-9 - -2) + 22?
18
Calculate 43 + -48 + (17 - 14).
-2
Evaluate (11 - 14) + (-1 - -5 - (-1 - 2)).
4
15 - ((14 - 4) + -8)
13
What is 4 + (2 - 8) - 8 - 1?
-11
What is -4 - (-1 + 1 + (-3 - (-1 + -1)))?
-3
-7 + 0 + 5 - -15
13
What is -1 + (-33 - -25) - (0 + 2)?
-11
What is 13 + 2 + -4 + 1 + -72 + 93?
33
Evaluate 3 + (-7 - 7) + -11 + 39.
17
Evaluate -123 + 108 + 8 + (2 - 5) + 2.
-8
(-2 + 2 + -12 - (224 - 262)) + -7
19
What is (9 - 0 - 0) + 1 - (64 + -64)?
10
What is the value of (-5 - 35) + 186 + -144?
2
What is 8 + 0 + -3 + (-7 - -10 - 3)?
5
What is 5 + 2 + (-56 + -3 - -18)?
-34
(-15 - 1) + (0 - -1) + (-722 - -732)
-5
Calculate -7 + (12 - (9 + -4 + 1) - -6).
5
What is the value of 11 + (-10 - 1) + -9?
-9
What is -32 + (-59 - -32) + 55?
-4
(-8 - 1) + (0 + 39 - (-448 + 461))
17
-1 + -6 + -12 + -2 + 16 + 10
5
Calculate (-1 - 3) + -10 + 21 + -25.
-18
What is the value of 4 + -2 - (0 + 2) - (3 - -4)?
-7
What is -5 + -7 + 6 + 3 + 1?
-2
205 + -209 + (0 + -1 - 1) + 16
10
Evaluate 13 + -2 + 2 + -14.
-1
-2 + (16 + -6 - 2) - 4 - 9
-7
Calculate 0 + (14 + -3 - 11).
0
Evaluate (4 - -3 - (-6 + -2)) + 14.
29
8 - 0 - (23 + (-19 - -11) + 6)
-13
What is the value of 8 + (-2 - (-19 - -38))?
-13
Calculate -30 - ((-9 - (8 - 12)) + -7).
-18
Calculate (2 + -4 - -9) + 5 + 2.
14
-3 + -5 + (23 - (8 + 2)) + -17
-12
What is the value of -1 + 5 + -7 - (-3 + 8 - 6)?
-2
Calculate -11 - ((-4 + (-2 - -2) - -5) + 2).
-14
What is -42 - -1 - (1759 - 1809)?
9
7 + -11 + 8 + -14
-10
What is 18 - (-4 - (10 - 49))?
-17
Evaluate 13 - (-2 + 5 - (-11 - -5)).
4
Calculate -27 + (-4 - -10) - -6.
-15
0 - (2 + 1 + -6 + 1)
2
Evaluate 7 + (10 - 1) + -17 + (22 - 2).
19
What is the value of -8 + (-20 + -8 + 17 - -13)?
-6
What is -404 + 399 + (1 + 8 + -1 - 2)?
1
Calculate (-9 - (-6 - -2)) + 3 + 9 - -2.
9
Evaluate -22 - -9 - (-9 + (6 - 4)).
-6
Calculate (21 - 15 - -13) + -36.
-17
Calculate 29 + -26 + (-3 - 2) - -7.
5
What is (9 - 6) + 2 + (-2 - -12)?
15
What is the value of -14 - 1 - (-4 + (11 - 15) + 2)?
-9
7 + (-2 - -8) + -8
5
What is 5 - ((-1 - -13) + 12 + -11)?
-8
-5 - ((-13 + 12 - 4) + 1 + -1)
0
Evaluate 39 + (-24 + 38 - (-8 + 25)).
36
-6 + -9 - -8 - (1 + -4) - -14
10
Evaluate 2 + (0 - -5) - 11.
-4
Evaluate 0 + -4 - (11 + (10 - 15) - 5).
-5
Evaluate -2 + -2 + (11 - (10 + 2)) - -18.
13
Calculate (-245 - -245) + (1 - 8).
-7
What is 5 + (-2 - 2 - ((-9 - -28) + -20))?
2
What is the value of (186 - 186) + (12 - 1)?
11
-8 - (0 + 0 + 0 + -10) - -1
3
What is 7 + -31 - -28 - (-1 + -13)?
18
Calculate 14 + 3 + -46 + 60 + -32.
-1
What is -20 + 21 - (5 + 6) - 14?
-24
W